3627. Calculate i(22).
761
Let m(l) = 2063*l + 148. Calculate m(0).
148
Let j(o) = -208703*o - 3130553. What is j(-15)?
-8
Let g(d) = -4*d**2 - 78*d + 607. What is g(-24)?
175
Let m(h) = -2*h**3 + 22*h**2 + 32*h + 227. Give m(12).
323
Let k(r) = r**3 - 18*r**2 - 52*r + 256. What is k(19)?
-371
Let b(i) = 25*i**2 + 1029*i + 3123. Determine b(-3).
261
Let d(x) = x**3 - 18*x**2 + 44*x + 292. What is d(7)?
61
Let p(n) = -4564*n + 9222. Give p(2).
94
Let c(a) = 735*a - 9175. What is c(14)?
1115
Let t(u) = -903*u**2 - 524*u + 15. Give t(-2).
-2549
Let s(j) = 15*j**2 - 710*j - 307. Calculate s(48).
173
Let t(f) = -262*f - 213. Give t(2).
-737
Let t(s) = 233445*s - 7937138. Calculate t(34).
-8
Let a(j) = -86*j**2 - 658*j + 131. Determine a(-8).
-109
Let i(t) = -431*t**2 + 401*t + 395. What is i(-1)?
-437
Let q(y) = -4395*y + 175692. Calculate q(40).
-108
Let y(u) = u**3 - 86*u**2 + 773*u - 133. What is y(10)?
-3
Let n(x) = 219825*x - 439500. Determine n(2).
150
Let t(u) = 42306*u - 3596061. Calculate t(85).
-51
Let k(o) = 2*o**3 + 228*o**2 + 235*o + 1054. Give k(-113).
37
Let y(h) = h**3 + 83*h**2 - 240*h + 1500. Determine y(-86).
-48
Let f(p) = p**3 + 118*p**2 + 19*p + 49. Give f(0).
49
Let m(a) = -a**2 - 21*a - 699. Give m(26).
-1921
Let o(m) = m**3 + 91*m**2 + 45*m + 4087. What is o(-91)?
-8
Let i(r) = 2*r**2 - 5606*r - 93. Determine i(0).
-93
Let x(w) = 20115*w + 1025829. Calculate x(-51).
-36
Let v(l) = 48*l**2 + 704*l + 702. Determine v(-1).
46
Let y(u) = 263*u + 33863. Give y(-130).
-327
Let i(r) = -108239*r - 3030690. Calculate i(-28).
2
Let r(z) = 14389*z + 230240. Give r(-16).
16
Let p(s) = -9*s**2 + 7831*s - 219538. Give p(29).
-8
Let w(b) = -424*b + 113218. What is w(267)?
10
Let n(l) = 34434*l + 1170826. Determine n(-34).
70
Let d(m) = -2*m**2 - 1653*m - 31166. What is d(-19)?
-481
Let o(f) = 7257*f + 442739. Give o(-61).
62
Let t(b) = 4*b**2 - 358753*b + 2511074. What is t(7)?
-1
Let y(x) = -1860*x**2 + 70679*x + 41. What is y(38)?
3
Let s(m) = -23191*m - 579767. Determine s(-25).
8
Let v(z) = -443*z - 99198. What is v(-223)?
-409
Let h(f) = 1079*f - 2485. Determine h(3).
752
Let a(h) = 74*h - 1276. Determine a(-7).
-1794
Let u(d) = -6*d**2 + 607*d - 15304. Give u(53).
13
Let i(c) = c**3 + 126*c**2 + 1016*c - 4313. Determine i(-117).
16
Let i(v) = -3*v**2 + 379*v - 4343. Determine i(114).
-125
Let z(v) = -1254*v - 334771. Determine z(-267).
47
Let m(y) = 11*y**3 - 228*y**2 - 80*y + 379. What is m(21)?
22
Let k(h) = 4*h**3 + 18*h**2 + 2908*h + 23318. Calculate k(-8).
-842
Let g(n) = -n**3 - 35*n**2 + 15*n + 1818. Calculate g(-34).
152
Let b(c) = 10*c**3 + 22*c**2 + 78*c - 61. Give b(-4).
-661
Let p(d) = 307*d + 44225. Determine p(-145).
-290
Let d(t) = 44*t**3 - 11*t**2 + 222*t + 1385. Calculate d(-5).
-5500
Let q(r) = r**3 + 22*r**2 - 320*r - 6004. What is q(-25)?
121
Let y(w) = -3042*w + 661. Give y(1).
-2381
Let a(r) = -1177*r - 34093. What is a(-29)?
40
Let n(x) = 9617*x - 26054. Give n(3).
2797
Let h(o) = 1231*o - 748416. Give h(608).
32
Let y(w) = 3*w**2 + 108*w - 123. Give y(-45).
1092
Let r(x) = -25723*x + 128622. Calculate r(5).
7
Let s(a) = 3693*a - 95938. Calculate s(26).
80
Let m(q) = q**3 - 10*q**2 - 236*q - 778. What is m(-5)?
27
Let x(d) = -2*d**3 - 11*d**2 + 7*d + 183. Determine x(-7).
281
Let c(o) = o**3 + 56*o**2 + 355*o + 73. What is c(-7)?
-11
Let o(z) = z**3 + 4*z**2 - 11457*z - 34390. Give o(-3).
-10
Let g(h) = -20015*h - 7245428. What is g(-362)?
2
Let w(a) = a**3 - 9*a**2 - 201*a + 1928. Give w(11).
-41
Let u(c) = -8*c**2 - 495*c + 12279. Determine u(19).
-14
Let r(p) = -39563*p + 395491. Calculate r(10).
-139
Let i(p) = -2*p**3 - 229*p**2 - 129*p - 1722. What is i(-114)?
-12
Let t(s) = 8*s**3 + 173*s**2 + 1752*s + 34586. Give t(-21).
-1
Let o(k) = -k**3 + 10*k**2 - 131*k + 317. Give o(3).
-13
Let p(l) = -34*l**3 + 441*l**2 + 24*l - 165. What is p(13)?
-22
Let f(t) = 32*t - 767. Determine f(11).
-415
Let x(v) = -3*v**2 - 757863*v - 757862. Calculate x(-1).
-2
Let w(a) = -71*a**2 + 62*a + 919. Calculate w(-3).
94
Let c(s) = 3*s**2 - 3*s - 46. What is c(-3)?
-10
Let t(n) = 2*n**2 + 292*n - 5929. Give t(19).
341
Let c(a) = -1536*a + 12322. Determine c(8).
34
Let j(u) = -u**3 - 15*u**2 + 301*u + 204. Calculate j(11).
369
Let s(z) = 1011*z + 1376. Give s(-2).
-646
Let d(y) = 2066*y**3 + 2*y**2 + 673*y + 671. What is d(-1)?
-2066
Let i(z) = z**3 - 11*z**2 + 12*z + 9. Give i(4).
-55
Let h(b) = -b**2 + 817*b + 7454. Determine h(-9).
20
Let u(m) = -m**3 - 53*m**2 + 487*m - 4412. What is u(-62)?
-10
Let h(v) = v**3 + 27*v**2 - 427*v - 12106. What is h(-30)?
-1996
Let l(x) = 2*x**2 - 166*x + 168. Give l(1).
4
Let v(g) = 2*g**3 + 56*g**2 - 11*g - 397. What is v(-28)?
-89
Let r(l) = l**3 - 12*l**2 - 109*l + 409. Determine r(17).
1
Let y(b) = 100*b**2 - 1205*b + 61. Determine y(12).
1
Let a(w) = -49169*w - 1229232. Determine a(-25).
-7
Let u(l) = l**3 + 223*l**2 - 908*l - 163. What is u(-227)?
-163
Let j(t) = t**3 + 35*t**2 + 695*t + 9632. Determine j(-23).
-5
Let b(n) = 89*n - 4267. What is b(50)?
183
Let x(q) = q**3 - 34*q**2 + 128*q + 2722. Calculate x(17).
-15
Let w(v) = 3*v**3 - 1454*v**2 + 12370*v + 2867. Give w(476).
11
Let o(h) = 11*h**2 - 3501*h - 4868. Determine o(320).
1212
Let n(a) = 159*a - 2656. Determine n(17).
47
Let y(r) = 1787*r + 19553. Calculate y(-11).
-104
Let k(m) = -m**2 + 71*m + 195. Determine k(-4).
-105
Let t(o) = -20339*o + 4006788. Determine t(197).
5
Let d(u) = -u**3 + 144*u**2 + 1056*u + 140. Determine d(151).
-11
Let p(t) = t**2 + 8553*t - 2527960. What is p(286)?
-6
Let r(p) = -p**3 + 52*p**2 - 36*p + 1822. Give r(52).
-50
Let a(v) = 27148*v - 3746428. Calculate a(138).
-4
Let j(v) = -v**3 + 85*v**2 + 284*v - 17082. What is j(86)?
-54
Let s(k) = -k**3 - 1085*k**2 - 4326*k - 7. Give s(-4).
1
Let k(i) = -i**3 - 111*i**2 + 945*i + 82006. What is k(-113)?
759
Let c(s) = -s**3 + 25*s**2 + 243*s - 2041. Determine c(32).
-1433
Let v(i) = -468*i**3 - i**2 + 77*i - 75. Determine v(1).
-467
Let q(v) = v**2 - 5176*v + 41392. Give q(8).
48
Let c(o) = -983*o**2 + 74724*o - 1225. Give c(76).
-9
Let m(r) = r**3 + 24*r**2 + 213*r + 870. Determine m(-12).
42
Let o(f) = f**2 - 1815*f + 554717. Determine o(389).
3
Let s(y) = y**2 + 81*y - 35527. Determine s(152).
-111
Let i(a) = 4*a**2 - 7531*a + 604373. Determine i(84).
-7
Let z(f) = -105*f + 7948. Calculate z(86).
-1082
Let f(g) = g**3 + 616*g**2 - 15351*g + 5681. Determine f(-640).
-79
Let l(i) = -4*i**3 - 298*i**2 - 1858*i + 224. Determine l(-7).
0
Let t(x) = -x**3 - 170*x**2 - 645*x + 1860. What is t(-166)?
-1294
Let f(v) = v**3 - 5*v**2 + 5442*v - 72064. Calculate f(13).
34
Let j(h) = 6*h**2 + 242*h + 2308. Give j(-25).
8
Let x(t) = 6*t**3 - 151*t**2 - 2*t - 1485. What is x(26)?
1843
Let j(s) = -s**3 - 67*s**2 - 409*s + 833. Determine j(-9).
-184
Let d(v) = 2*v**3 + 49*v**2 + 39567*v + 989804. Give d(-25).
4
Let c(x) = -2*x**2 + 1670*x - 313491. Determine c(285).
9
Let q(f) = -590*f - 120369. Give q(-204).
-9
Let p(q) = -30*q**2 - 1631*q + 1041. What is p(-55)?
-4
Let x(s) = -s**3 - 270*s**2 + 543*s + 147. Determine x(-272).
419
Let k(h) = -7*h**2 + 1845*h - 8295. What is k(259)?
-7
Let i(j) = -j**3 + 19*j**2 + 1418*j - 25835. What is i(18)?
13
Let i(p) = 1049*p + 38392. Calculate i(-37).
-421
Let t(c) = -47*c - 2370. Determine t(-22).
-1336
Let s(n) = -13*n**3 - 45*n**2 - 42*n - 97. What is s(-4)?
183
Let c(f) = 2672*f + 39445. Determine c(-15).
-635
Let b(p) = 9*p**2 - 2658*p - 72068. What is b(-25)?
7
Let w(h) = -h**3 + 63*h**2 - 456*h + 28469. Determine w(63).
-259
Let q(l) = -4*l**3 + 51*l**2 - 324*l + 973. What is q(6)?
1
Let i(k) = k**2 + 141*k + 1767. Give i(-124).
-341
Let x(h) = -20861*h + 312908. Give x(15).
-7
Let y(b) = -745*b + 62946. Give y(84).
366
Let p(x) = -x**3 - 264*x**2 + 287*x - 65165. Determine p(-266).
5
Let a(u) = 2*u**2 + 12390*u + 1457993. What is a(-120)?
-7
Let o(s) = 20*s**2 - 46196*s - 744259. What is o(-16)?
-3
Let a(c) = -3*c**2 - 121*c - 2302. Give a(-13).
-1236
Let l(g) = -653046*g + 3918272. What is l(6)?
-4
Let n(r) = -r**3 - 120*r**2 - 372*r - 77. Calculate n(-3).
-14
Let n(q) = 3*q**3 + 18*q**2 + 30*q - 18. What is n(-5)?
-93
Let w(c) = -7*c**2 - 80*c - 72. What is w(-15)?
-447
Let n(w) = 1219*w - 16699. Determine 